Suppose -6*h + 10*h = 0. Suppose h*y - 1 = -y. Let a be (3 - 2)*(-1)/y. Let r(q) = 5*q**3 - q**2 - q - 1. Calculate r(a).
-6
Let l(x) = 26 - 3*x - 7 + 12. Determine l(11).
-2
Let i(r) = 2*r + 8. Let k(q) be the first derivative of -q**2/2 - q - 1. Let d(j) = -i(j) - 3*k(j). Give d(7).
2
Let s(i) = 4*i - i + 5 - 3. Let x(z) = -23 + 4*z + 3 + 23. Let a(n) = 3*s(n) - 2*x(n). What is a(2)?
2
Let b(z) = -z + 12. Suppose 396 = 35*v + v. Determine b(v).
1
Let f(p) = 0 + 4 - 11 + 6 + 2*p + 0*p. Let r(l) = -l**2 - 5*l - 6. Let h be r(-5). Give f(h).
-13
Let v(c) = c**3 - 4*c**2 - 2*c - 1. Let s = 582 + -579. Calculate v(s).
-16
Let q(p) = -p**2 + p + 2. Suppose 4*f - 4*y + 589 = 229, 3*f + 270 = -3*y. Let c be (54/f)/((-1)/5). What is q(c)?
-4
Let j(i) = -i**2 + 7*i - 6. Let p(l) = l**2 - 7*l + 5. Let n(z) = 3*j(z) + 2*p(z). Let b be n(5). Let d(w) = -2*w + 6 + b*w + 2*w. What is d(-6)?
-6
Suppose -7 = -2*a - 5*p, -8 = 2*p - 10. Let s(x) = x + 5. Let q be s(0). Let d(t) = q + 0 - a + 2 + 6*t - 4*t**2 - t**3. What is d(-5)?
1
Let m(v) = v + 2. Let r be (-20)/2*30/(-15). Let j be r/25*(-15)/2. What is m(j)?
-4
Let s be (0 + -1)*-32 + 2. Suppose 2*q + 5*w = 68, -9*q + 4*q - 5*w + 185 = 0. Let i = q - s. Let a(z) = 2*z - 4. Give a(i).
6
Let k(o) = -13*o**2 + 1. Let h be (-49)/7*(-4)/(-56)*4. Calculate k(h).
-51
Let x = -175 + 166. Let n(h) = h**2 + 3*h - 4. Give n(x).
50
Let y(n) = -5*n**3 + 4*n**2 - 6*n + 4. Let k(s) = 2*s**3 - 2*s**2 + 2*s - 1. Let h(f) = 2*k(f) + y(f). Calculate h(2).
-10
Let a(r) = 5*r**2 - r**3 - 17*r**2 - r + 6*r**2 + 3 + 0*r**2 - 2. Let v(k) = k**3 - 10*k**2 - 2*k + 14. Let q be v(10). What is a(q)?
7
Suppose 30 = -15*o + 21*o. Let n(t) = 2*t - 9. Give n(o).
1
Let b be (8/(-2))/2 + 1. Let u(v) = 5*v - 2. Let o(w) = -29*w + 11. Let j(h) = -o(h) - 6*u(h). Give j(b).
2
Let r be 0 + -5 - (-6)/3. Suppose -5*h = -10, s - 4*h + 3*h - 3 = 0. Let d(z) = -1 + 4 + z - 7*z - s. Determine d(r).
16
Let i(v) = -2 - 4 - 3 - 2 - 2 - 7*v. Determine i(-5).
22
Let t(w) be the third derivative of 0 + 0*w + 1/10*w**5 - 1/120*w**6 - 10*w**2 - 4/3*w**3 + 1/12*w**4. Let k = 6 + 0. Determine t(k).
4
Let w(f) = -f**2 + 0*f - 5*f - 3 + 9*f + 15. Calculate w(8).
-20
Let d(p) = 0*p**2 + 3*p + 4*p - 7 - p**2. Suppose 4*n = -5*s - 21, -5 = 4*n - 5*s - 34. Let v be (3 + 2)*n*1. Give d(v).
3
Let m(z) be the second derivative of z**6/120 - z**5/15 + z**4/24 - 11*z**2 + 5*z. Let d(c) be the first derivative of m(c). Calculate d(3).
-6
Let j(o) = -o**3 - 4*o**2 - 3*o - 4. Let v(l) = -l**2 + 2*l + 3. Let f be v(0). Suppose -4*y - 28 = f*y. What is j(y)?
8
Let f(g) be the third derivative of -2*g**7/105 + g**6/360 + g**5/120 - 7*g**3/6 - 5*g**2. Let b(x) be the first derivative of f(x). Calculate b(-1).
16
Let b(c) = -13*c**3 - c**2 + c. Let l(r) = 2*r - 1. Let q(p) = -3*p + 1. Let m(n) = -6*l(n) - 5*q(n). Let z be m(0). Determine b(z).
-13
Let l = -103 - -104. Let t(f) = f**2. Let q(u) = 2*u**2 - 8*u + 11. Let y(z) = l*q(z) - 3*t(z). Determine y(-10).
-9
Let o be ((-2)/(-6))/((-6)/54). Let g(a) = -a**2 + a - 1. Let c(p) = -p**2 + 1. Let u(x) = x + 11. Let n be u(-12). Let m(v) = n*g(v) + 2*c(v). What is m(o)?
-3
Suppose -13*o - 14 = o. Let g(k) = 8*k**2 - 2*k - 1. What is g(o)?
9
Let k(u) = -5*u + 22*u**2 - 2*u + 19*u**2 - 40*u**2 + 10. Give k(7).
10
Let m(c) = 13 - 18 - 2*c - 1. Give m(-7).
8
Let o(l) = 5*l + 3. Let j be o(-3). Let a be (-52)/j + (-1)/3. Suppose -3*i + 2*m + 7 = -2*i, a*m + 9 = i. Let g(h) = h**3 - 4*h**2 - 5*h - 7. What is g(i)?
-7
Let h be 5/((-30)/36)*(-20)/24. Let t(r) = 2*r - 4. What is t(h)?
6
Let w(g) be the third derivative of -g**6/120 + g**5/60 - g**4/24 - 29*g**3/6 - 1086*g**2. Calculate w(0).
-29
Let q(c) = c**3 - 3*c - 2. Let w be q(-2). Let o(a) be the first derivative of 0 + 3*a - a + 3*a + 2 + 2*a**2. Give o(w).
-11
Let z(h) = 2*h**3 + 19*h**2 + 5*h - 17. Let m(u) = -u**3 - 9*u**2 - 3*u + 8. Let r(n) = -5*m(n) - 2*z(n). Calculate r(-6).
0
Suppose -4*n + 3*h = 6 + 31, 4*h + 33 = -n. Let p(d) = d + 9. Determine p(n).
-4
Let c = 565 - 572. Let d(x) = x**2 + 7*x - 3. What is d(c)?
-3
Let k(d) be the first derivative of -d**4/4 - 3*d**3 - 3*d - 126. Determine k(-9).
-3
Let g = 1 - 1. Let t be (1 + g)/((-2)/12). Let i(k) = -1016 + 341 + 2*k + 341 + 343. What is i(t)?
-3
Let p(f) be the second derivative of 2*f + f**3 + 0 + 1/12*f**4 - f**2. Suppose -4 + 37 = -5*k + 2*v, -3*v = -12. Determine p(k).
-7
Suppose 2*m - 8 = 2*f, -93*f = -95*f + m - 6. Let t(c) = c**3 + c**2 + 4*c + 6. Give t(f).
-6
Let g(d) = d**3 + 5*d**2 + d + 1. Suppose 2*q + y = -3*q + 31, 20 = -5*y. Suppose q*z - 3*z + 2*k + 22 = 0, 0 = 3*k + 3. What is g(z)?
-4
Let f(j) be the third derivative of j**5/60 - j**4/8 - j**3 + 123*j**2. Determine f(5).
4
Let g(b) = 9*b**3 + b**2 - 4*b - 3. Suppose -8 + 4 = 2*r. What is g(r)?
-63
Suppose 3*d = -u + 13 - 3, -4*d + 2*u + 10 = 0. Let w(k) be the first derivative of 2*k**2 + 6*k - 1/4*k**4 - 3 + 5/3*k**d. What is w(6)?
-6
Let k(u) = u - 1. Suppose -w + 4 = 2*w - a, 4*a - 6 = w. Suppose 2*h - h = -w, -c + h = -7. Suppose -4 - 1 = c*r. Calculate k(r).
-2
Suppose 40 = -2*o + 5*o + 4*u, -4*u + 16 = 0. Let r(f) = 491*f - 251*f + 8 - 241*f. Calculate r(o).
0
Let d(u) = 5*u + 4. Suppose 4 = 4*k - 8. Let c = -1 - k. What is d(c)?
-16
Let u be ((-3)/12)/((-92)/(-2576)). Let m(r) = r + 4*r + 3*r - 5*r + 1. Calculate m(u).
-20
Let g(r) = -r**2 + 7*r - 6. Let k(l) = -l**3 + 6*l**2 - 3*l - 5. Let u be k(5). Determine g(u).
4
Let c = 66 + -69. Let q(r) = -r**2 - r - 1. Give q(c).
-7
Let v(h) = h**2 + 2*h + 3. Suppose -6*r + 7*r = -11. Let d = 14 + r. Suppose x + 3*q = -4, -d*x + 4*q = 6 + 6. Determine v(x).
11
Let z be 1*(-4 + (-2)/(-1)). Let m be (4 + -5)/((-2)/z). Let h(o) = 4*o**2 + 2*o + 5 - 4 - 5*o**2. Determine h(m).
-2
Let h(f) = -f**3 - f**2 + f - 1. Let r be (3/(-1) + 2)*-1 + -1. Let i(j) be the first derivative of j**2 - 1. Let u be i(r). What is h(u)?
-1
Let a(t) = t**3 + t**2 + 5. Suppose 2*m = -2*m + 6*m. Determine a(m).
5
Let b(r) = -12*r**2 - 9*r + 6. Let k(l) = -3*l**2 - l + 2. Let w(d) = -b(d) + 5*k(d). Give w(4).
-28
Let t(n) = 3*n**3 - 13*n**2 - 10*n - 4. Let c(i) = -19*i - 14. Let s be c(-1). Calculate t(s).
-4
Let s = -32 + 34. Let o(l) = 1 + 2*l + 0 - 3*l. Calculate o(s).
-1
Let x(v) = v**3 + 6*v**2 + 6*v - 1. Suppose 0 = -0*r - 5*r - 5. Let w be r/4 + 891/12. Let u be (-2)/(-7) - w/14. Calculate x(u).
-6
Suppose 5*i = 4*t - 15, -2*i + t + 1 = 4. Let w(h) = -22*h**2 - h + 1. What is w(i)?
-22
Let q(d) = -d**2 - d - 6. Suppose -2*t + 27 = t. Suppose -h - r + 3 = 2*h, 3*r - t = -h. Let c be q(h). Let x(o) = o**3 + 6*o**2 - o - 6. Determine x(c).
0
Let b = 89 + -86. Suppose -q + s + 16 = b*q, q = s + 7. Let v(g) = -g**3 - g + 2. Give v(q).
-28
Let f(o) be the first derivative of o**4/4 + 2*o**3 + 3*o**2/2 + 2*o + 41. Let q(v) = -7*v + 1. Let z be q(1). Calculate f(z).
-16
Let x(f) = f**3 - 10*f**2 + 3*f - 24. Let d be x(10). Let s(r) = r**3 - 7*r**2 + 5*r - 2. Calculate s(d).
-8
Let g(z) be the third derivative of z**6/120 - z**5/15 + z**4/12 + z**3/3 + z**2 - 2*z. Let w = -1 + 5. Suppose -w*u + 2*p = -3*p + 7, -p = -3. Calculate g(u).
-2
Let c = -1034 - -1041. Let q(y) = -y**2 + 4*y. What is q(c)?
-21
Let x be ((-2)/8)/(8/(-96)). Suppose 0 = 4*k - 3*a - 12, -k = 3*k + 3*a - 12. Let w(d) = 6*d**2 - 3*d**2 + 2*d - 7*d**2 + d**k + 2. Determine w(x).
-1
Let s = 51 + -54. Let o = 2 + s. Let n(y) = 11*y**2 - 2*y - 1. What is n(o)?
12
Let f = 842 + -849. Let o(u) = u**2 + 9*u + 14. Give o(f).
0
Let y(k) = 31*k**3 + 13*k**2 + 2*k - 9. Let n(v) = 16*v**3 + 7*v**2 + v - 5. Let q(h) = 11*n(h) - 6*y(h). Determine q(-1).
9
Let x(l) = -7*l**3 - 11*l**2 - 12*l - 9. Let o(t) = -3*t**3 - t**2 - 2*t - 1. Let n(y) = -2*o(y) + x(y). Determine n(-6).
-67
Let i be 100/30 - 4/(-6). Suppose 2*j = i*y + 8, 5*j + 4*y = y + 7. Let c be 2/j*(-2)/(-2). Let v(d) = d**2 - d - 1. Give v(c).
-1
Suppose -4*h + 2*t = -3*h - 4, -5 = -2*h + 5*t. Let k(f) = 2*f**2 + 14*f - 9. Let w(r) = 5*r**2 + 29*r - 17. Let v(p) = 7*k(p) - 3*w(p). Determine v(h).
-2
Let b(v) = -7*v - 6. Let i(w) = 15*w + 12. Let u(l) = 13*b(l) + 6*i(l). Let c(z) = z**2 - 6*z + 5. Let r be c(5). Determine u(r).
-6
Let t(u) = u**3 - 6*u**2 + 2*u - 10. Suppose -5*w + 25 = j, 3*w - 43 = -j + 6*j.